)/(5/(-125))?
0
Let v(o) = -o - 6. Let t be v(-5). Let d(i) = -24*i**2 + i + 2. Let x be d(t). Let y = 22 - x. What is the units digit of y?
5
Suppose 99*l - 98*l + 715 = d, 2*d = 3*l + 1425. What is the hundreds digit of d?
7
Let o(w) = -w**3 - 22*w**2 + 23*w + 3. Let i be o(-23). Suppose 15 = i*r, 4*u - 63 = 2*r + 3*r. What is the tens digit of u?
2
Let z(s) = 2*s + 11. Let i be z(-3). Suppose 1285 = 5*a + 5*d, -2*d - 259 = -a - i*d. What is the tens digit of a?
5
What is the hundreds digit of (-34)/(-323) + 8871/19?
4
Suppose -4*i + 123 = -i. Suppose 0 = -6*p + 5*p + i. What is the units digit of p?
1
Let a = -16 - -20. Suppose 4*k + a*t - 60 = -16, 5*k + 2*t = 43. Let v(o) = o**2 + 3*o - 6. What is the units digit of v(k)?
4
Let f = -13 + -8. Let o be (-6)/9*(-6)/8*-46. Let y = f - o. What is the units digit of y?
2
Let f = 796 + -125. What is the hundreds digit of f?
6
What is the tens digit of ((-21)/6)/((-4)/792)?
9
Let r(q) = 13*q + 12. Let c be r(5). Let h = c + -50. What is the tens digit of h?
2
Suppose -100*d = -99*d - 1064. What is the thousands digit of d?
1
Let f be 2 - 3*4/3. Let c(z) = -z**2 + z + 6. Let d be c(f). Suppose -4*q - 19 + 231 = d. What is the units digit of q?
3
Suppose 0 = -5*x - 3*g + 3001, 3*x + x - 2420 = 4*g. What is the hundreds digit of x?
6
Suppose -4*a = 3*o - 2*o - 446, 122 = a - 5*o. Let u = a + -61. What is the units digit of u?
1
Suppose 3*a = -2*y - 6, -12 = 4*y + a - 0*a. What is the hundreds digit of y/((-18)/4) - 8788/(-39)?
2
What is the units digit of (4250/75)/((-3)/(-36))?
0
Let d(l) = -2*l + 7. Let j be d(5). Let f(x) = -90*x - 9. Let w(n) = 9*n + 1. Let t(m) = -2*f(m) - 21*w(m). What is the units digit of t(j)?
4
Suppose -928*v + 927*v + 414 = 0. What is the units digit of v?
4
Let o = -13 + 15. Suppose -b = -5*a - 5*b - 28, o*a = -4*b - 4. What is the tens digit of a/56 + 246/7?
3
Let h(m) = m**3 - 11*m**2 - 46*m + 95. What is the units digit of h(20)?
5
Let z(y) be the third derivative of y**5/30 - y**3 - 3*y**2. What is the tens digit of z(5)?
4
Let b(z) = z**2 - 4*z - 5. Let k(j) be the second derivative of j**3/3 - 11*j**2/2 - 6*j. Let x be k(9). What is the units digit of b(x)?
6
Let u = -5 - 1. Let p(k) = 2*k**3 + 11*k**2 + 9*k - 7. Let h(m) = m**3 + 6*m**2 + 4*m - 4. Let b(g) = 5*h(g) - 2*p(g). What is the tens digit of b(u)?
5
Let s(i) = 210*i + 302. What is the tens digit of s(5)?
5
Let o(t) = 8*t**3 - 24*t**2 - 8*t + 24. What is the hundreds digit of o(6)?
8
Let s = -1788 + 5614. What is the thousands digit of s?
3
Suppose 0 = 2*j - 2274 - 1728. What is the thousands digit of j?
2
Let o(a) be the third derivative of 1/3*a**3 + 0 + 10*a**2 + 1/120*a**6 + 1/4*a**4 - 1/60*a**5 + 0*a. What is the tens digit of o(3)?
3
Suppose 50 = 4*c - 2*z, -6 - 3 = -c + 4*z. What is the tens digit of c?
1
Suppose -74177 = -35*u + 97428. What is the units digit of u?
3
Let f = -27 - -48. Suppose -80 = 17*b - f*b. What is the units digit of b?
0
Let y = 1440 + -265. What is the hundreds digit of y?
1
Let t be -4 + (-1700)/(-2) + 2. Suppose -3*n = 98 - t. What is the tens digit of n?
5
Suppose -258*d - 3264 = -264*d. What is the units digit of d?
4
What is the tens digit of ((-2974)/(-1))/(124/62)?
8
Let h(l) = 2*l**2 + 7*l + 4. Let k be h(-6). Suppose 5*y - 43 = 62. Let u = k - y. What is the units digit of u?
3
Let q be 0 - (-3 + 7 + -2). Let m be q/(-4)*2/1. What is the tens digit of m/(3/111) - 2?
3
Let l = 475 + -105. Suppose l = -3*w + 8*w. What is the tens digit of w?
7
Let t be -1 + (7/14)/(2/(-36)). Let w = 82 - t. What is the units digit of w?
2
Let s(p) = p**3 - 5*p**2 - 5*p - 4. Let r = -6 + 12. Let d be s(r). What is the tens digit of 4 - d - (1 + -18)?
1
Let n(u) be the third derivative of -13*u**4/12 - u**3/3 - 36*u**2. What is the units digit of n(-1)?
4
Let g be 117/18 - (-2)/(-4). Suppose g*k + 15 = k. Let a = k - -10. What is the units digit of a?
7
Suppose -4*d - 4 = -5*d. Suppose -6*h = -d*h + 14. Let p(w) = w**2 + 6*w + 2. What is the units digit of p(h)?
9
Let y be (-5)/(-7) + 4/14. Let i be (1 - (-1)/(-1))/y. Suppose 100 = 5*t - 3*x + x, i = -3*t + 2*x + 64. What is the tens digit of t?
1
Let f(v) = -20*v + 23. What is the units digit of f(-18)?
3
Let g(d) = 7*d**2 - d + 14. Suppose -2*f + 2 = 4*p, -4*f - 5*p + 10 = -3*f. What is the hundreds digit of g(f)?
1
Let z(l) = -43 - l + 0*l + 41. Let o be z(-7). Suppose 8*g = o*g + 33. What is the units digit of g?
1
What is the units digit of 12/(-18)*(-1089)/6?
1
Let l(d) = -3*d**2 - d - 135. Let b be l(0). What is the units digit of (9/(b/1405))/((-1)/3)?
1
Let q be (-90)/(-36) + (-15)/2. What is the hundreds digit of ((-24)/10)/(2606/(-520) - q)?
2
Let x(v) = v**2 + 14*v - 14. Suppose -3*c + 159 = -5*u, 2*c + 3*u - 87 = -0*c. Suppose -9*a + 12*a + c = 0. What is the tens digit of x(a)?
1
Let o be -2 + (1 + 3)*(-8)/(-16). Suppose 3*l - 2*b + 5*b - 93 = o, -3*l + 2*b = -98. What is the tens digit of l?
3
Let c = -488 + 1010. What is the tens digit of c?
2
Let v(w) = 5*w**2 + 111. What is the hundreds digit of v(-8)?
4
What is the thousands digit of 217/93 + (-11454)/(-9)?
1
Suppose -2*p = 4*v + 16, p - 2*v = 3*v + 27. Suppose 11 + 135 = 4*a - 2*o, -o = p*a - 79. What is the units digit of a?
8
Suppose -3*q + 14424 = -2*v, q - 291 = 4*v + 4517. What is the tens digit of q?
0
Let f(c) = -c - 1. Let o be f(-10). Suppose -7*n = -6*n - o. Suppose -4*u - r = -9, -3 = 3*u - 3*r + n. What is the units digit of u?
1
Let l be (16/(-56))/(1/(-7)). Let k be -4 + 2 - 58/l. Let s = -14 - k. What is the tens digit of s?
1
Suppose 0 = -5*f + 77 + 153. Suppose -y - f = -3*y. Let k = 47 - y. What is the units digit of k?
4
Suppose 0 = y - 2*s - 0*s - 5, y = -s - 7. What is the units digit of 5 - (y + -24 + -1)?
3
Suppose -3*f + 20 = -f. Let b = f - 5. What is the units digit of 1 - -8 - (b - 2)?
6
Let t(w) = -w**2 + 214*w + 21. What is the thousands digit of t(15)?
3
Let l(r) = -3*r + 62. Let i be l(19). Suppose -i*u + u - 170 = -w, -2*u = -w + 164. What is the tens digit of w?
5
Suppose -w = 3, 9*n - 8*n - 2978 = -7*w. What is the hundreds digit of n?
9
Let s(x) = x - 17. Let z be s(-7). Let c = 24 + z. Suppose 5*j - 4*w + 2*w - 74 = 0, c = -j + w + 16. What is the tens digit of j?
1
Suppose 1274*u - 1263*u = 28347. What is the units digit of u?
7
Suppose 7*i - 4*i + 4*g - 15 = 0, 4*g + 15 = 3*i. Suppose 3*b - 201 - 102 = -3*t, -t = i*b - 485. What is the units digit of b?
6
Let l(z) be the third derivative of 17*z**5/60 - z**4/12 - 10*z**2. What is the units digit of l(-2)?
2
Let s be 47/4*(10 - 2). Let r = 10 + s. What is the units digit of -3*(r/(-6) - -4)?
0
Suppose -12*y + 11 = -13. Suppose -y*d + q = 3*q - 182, -4*d = -2*q - 340. What is the tens digit of d?
8
What is the units digit of -23 + (22 - 11) + 2105?
3
Suppose d = -2, -a = -6*a - 4*d + 5937. What is the thousands digit of a?
1
Let n = -530 - -1073. What is the tens digit of n?
4
What is the units digit of -1*(33/9)/(1/(-183))?
1
Let x(d) = 7*d**2 - 9*d - 17. Let f(g) = -4*g**2 + 4*g + 9. Let q(t) = 5*f(t) + 3*x(t). Let k be q(8). Suppose k*i = 3*i - 36. What is the units digit of i?
6
Let t(u) = 41*u**2 + 2*u - 2. Let n = 32 - 31. What is the units digit of t(n)?
1
Let a(i) = 4*i - 16. Let y(v) be the first derivative of -v**3/3 - 6*v**2 - v + 1. Let o be y(-11). What is the units digit of a(o)?
4
Let z(k) = k**3 - 4*k**2 + 3*k - 6. Let s be z(2). Let q(m) = -m**3 - 5*m**2 + 12*m - 3. What is the tens digit of q(s)?
9
Suppose i - 4*c = 7, i - 7 = 3*c - 0. Let s = i - 3. Suppose -56 = s*y - 6*y. What is the tens digit of y?
2
Suppose -3*x = 5*m - 5, -3*m - 3*x + 4 + 5 = 0. What is the units digit of (4/m)/(8/(-700))?
5
Let y = 35 - 34. What is the tens digit of (y + 2)/(1/23)?
6
Let x(m) = 13*m**2 + 2*m + 8. What is the units digit of x(4)?
4
Suppose 4536 = 13*r + 14*r. What is the units digit of r?
8
Let y = -2 - 0. Let r be 1 - ((0 - y) + -87). Let v = -52 + r. What is the units digit of v?
4
Suppose -z = 5*c - 568, -4*c + 2240 = -0*z + 4*z. What is the tens digit of z?
5
Suppose -4*z - 4*h = z + 5, -5*z = 3*h. Suppose -4*g = -m + 2*m - 49, -5*m + 24 = z*g. Let t = 23 - g. What is the units digit of t?
0
Suppose -4*i + 5*p + 217 = -i, 300 = 4*i + 4*p. Suppose -132 = -2*a + 4*d, 